{"id":265,"date":"2017-11-21T22:58:13","date_gmt":"2017-11-21T21:58:13","guid":{"rendered":"http:\/\/www.drganiabudowli.pk.edu.pl\/?page_id=265"},"modified":"2024-12-11T12:01:59","modified_gmt":"2024-12-11T11:01:59","slug":"akredytacja","status":"publish","type":"page","link":"https:\/\/drganiabudowli.pk.edu.pl\/?page_id=265","title":{"rendered":"Akredytacja"},"content":{"rendered":"<div id=\"pl-265\"  class=\"panel-layout\" ><div id=\"pg-265-0\"  class=\"panel-grid panel-has-style\" ><div class=\"siteorigin-panels-stretch panel-row-style panel-row-style-for-265-0\" data-stretch-type=\"full\" ><div id=\"pgc-265-0-0\"  class=\"panel-grid-cell\" ><div id=\"panel-265-0-0-0\" class=\"so-panel widget_sow-headline panel-first-child panel-last-child\" data-index=\"0\" ><div\n\t\t\t\n\t\t\tclass=\"so-widget-sow-headline so-widget-sow-headline-default-ea0af4cf39ae-265\"\n\t\t\t\n\t\t><div class=\"sow-headline-container \">\n\t\t\t\t\t\t\t<h1 class=\"sow-headline\">\n\t\t\t\t\t\tAkredytacja\t\t\t\t\t\t<\/h1>\n\t\t\t\t\t\t\t\t\t\t\t<div class=\"decoration\">\n\t\t\t\t\t\t<div class=\"decoration-inside\"><\/div>\n\t\t\t\t\t<\/div>\n\t\t\t\t\t<\/div>\n<\/div><\/div><\/div><\/div><\/div><div id=\"pg-265-1\"  class=\"panel-grid panel-has-style\" ><div class=\"siteorigin-panels-stretch panel-row-style panel-row-style-for-265-1\" data-stretch-type=\"full\" ><div id=\"pgc-265-1-0\"  class=\"panel-grid-cell\" ><div id=\"panel-265-1-0-0\" class=\"so-panel widget_sow-image panel-first-child panel-last-child\" data-index=\"1\" ><div\n\t\t\t\n\t\t\tclass=\"so-widget-sow-image so-widget-sow-image-default-8b5b6f678277-265\"\n\t\t\t\n\t\t>\n<div class=\"sow-image-container\">\n\t\t<img \n\tsrc=\"https:\/\/drganiabudowli.pk.edu.pl\/wp-content\/uploads\/2020\/11\/Certyfikat-PCA-2020-1.jpg\" width=\"768\" height=\"1087\" sizes=\"(max-width: 768px) 85vw, 768px\" title=\"Certyfikat PCA 2020-1\" alt=\"\" \t\tclass=\"so-widget-image\"\/>\n\t<\/div>\n\n<\/div><\/div><\/div><div id=\"pgc-265-1-1\"  class=\"panel-grid-cell\" ><div id=\"panel-265-1-1-0\" class=\"so-panel widget_sow-editor panel-first-child panel-last-child\" data-index=\"2\" ><div\n\t\t\t\n\t\t\tclass=\"so-widget-sow-editor so-widget-sow-editor-base\"\n\t\t\t\n\t\t>\n<div class=\"siteorigin-widget-tinymce textwidget\">\n\t<h3 style=\"text-align: left;\"><span style=\"color: #1e73be;\"><br \/>\nAkredytowane Laboratorium Badania Odkszta\u0142ce\u0144 i Drga\u0144 Budowli dysponuje specjalistyczn\u0105 aparatura pomiarow\u0105 do rejestracji i analizy drga\u0144 mechanicznych oraz wysoko kwalifikowan\u0105 kadr\u0105 specjalist\u00f3w, w\u015br\u00f3d kt\u00f3rych s\u0105 autorzy polskich norm<\/span><\/h3>\n<h3 style=\"text-align: left;\">PN-B-02170:2016-12 zast\u0119puje PN-B-02170:1985 (PN-85\/B-02170)<br \/>\nOcena szkodliwo\u015bci drga\u0144 przekazywanych przez pod\u0142o\u017ce na budynki<\/h3>\n<h3 style=\"text-align: left;\">PN-B-02171:2017-06 zast\u0119puje PN-B-02171:1988 (PN-88\/B-02171)<br \/>\nOcena wp\u0142ywu drga\u0144 na ludzi w budynkach<\/h3>\n<p><a href=\"http:\/\/www.drganiabudowli.pk.edu.pl\/wp-content\/uploads\/2021\/08\/AB-846.pdf\">WERSJA CERTYFIKATU PDF<\/a><\/p>\n<\/div>\n<\/div><\/div><\/div><\/div><\/div><div id=\"pg-265-2\"  class=\"panel-grid panel-has-style\" ><div class=\"siteorigin-panels-stretch panel-row-style panel-row-style-for-265-2\" data-stretch-type=\"full\" ><div id=\"pgc-265-2-0\"  class=\"panel-grid-cell\" ><div id=\"panel-265-2-0-0\" class=\"so-panel widget_sow-editor panel-first-child panel-last-child\" data-index=\"3\" ><div\n\t\t\t\n\t\t\tclass=\"so-widget-sow-editor so-widget-sow-editor-base\"\n\t\t\t\n\t\t>\n<div class=\"siteorigin-widget-tinymce textwidget\">\n\t<h3>Laboratorium deklaruje spe\u0142nienie wymaga\u0144 normy PN-EN ISO\/IEC 17025:2018-02 w przedstawionym poni\u017cej zakresie:<\/h3>\n<h2>Zakres akredytacji Nr AB 846<\/h2>\n<table>\n<tbody>\n<tr>\n<td><strong>Przedmiot bada\u0144\/wyr\u00f3b<\/strong><\/td>\n<td><strong>Rodzaj dzia\u0142alno\u015bci\/badane cechy\/metoda<\/strong><\/td>\n<td><strong>Dokumenty odniesienia<\/strong><\/td>\n<\/tr>\n<tr>\n<td>Pomieszczenia w budynkach<\/td>\n<td>Warto\u015b\u0107 skuteczna przyspieszenia<br \/>\ndrga\u0144 w pasmach 1\/3 oktawowych<br \/>\nZakres cz\u0119stotliwo\u015bci: (0,5 - 80) Hz<br \/>\nZakres przyspiesze\u0144: \u00b14,9 m\/s2 pk<br \/>\nMetoda po\u015brednia<\/td>\n<td>PN-88\/B-02171 (wycofana i zast\u0105piona)<br \/>\nPN-B-02171:2017-06<\/td>\n<\/tr>\n<tr>\n<td>Budynki i budowle<\/td>\n<td>Warto\u015b\u0107 maksymalna przyspieszenia<br \/>\ndrga\u0144 w pasmach 1\/3 oktawowych<br \/>\nZakres cz\u0119stotliwo\u015bci: (0,5 - 100) Hz<br \/>\nZakres przyspiesze\u0144: \u00b1 4,9 m\/s2 pk<br \/>\nMetoda po\u015brednia<\/td>\n<td>PN-85\/B-02170 (wycofana i zast\u0105piona)<br \/>\nPN-B-02170:2016-12<\/td>\n<\/tr>\n<\/tbody>\n<\/table>\n<p>Zakres akredytacji PCA dost\u0119pny jest r\u00f3wnie\u017c pod adresem:<\/p>\n<p style=\"text-align: center;\"><a href=\"https:\/\/www.pca.gov.pl\/akredytowane-podmioty\/akredytacje-aktywne\/laboratoria-badawcze\/AB%20846,podmiot.html\">https:\/\/www.pca.gov.pl\/akredytowane-podmioty\/akredytacje-aktywne\/laboratoria-badawcze\/AB%20846,podmiot.html<\/a><\/p>\n<\/div>\n<\/div><\/div><\/div><\/div><\/div><div id=\"pg-265-3\"  class=\"panel-grid panel-has-style\" ><div class=\"siteorigin-panels-stretch panel-row-style panel-row-style-for-265-3\" data-stretch-type=\"full\" ><div id=\"pgc-265-3-0\"  class=\"panel-grid-cell\" ><div id=\"panel-265-3-0-0\" class=\"so-panel widget_sow-editor panel-first-child panel-last-child\" data-index=\"4\" ><div\n\t\t\t\n\t\t\tclass=\"so-widget-sow-editor so-widget-sow-editor-base\"\n\t\t\t\n\t\t>\n<div class=\"siteorigin-widget-tinymce textwidget\">\n\t<h2><span style=\"color: #ffffff;\">Najwa\u017cniejszym celem w dzia\u0142alno\u015bci Laboratorium Drga\u0144 Budowli jest:<\/span><\/h2>\n<h2 style=\"padding-left: 30px;\"><strong><span style=\"color: #ffffff;\"><em>Osi\u0105gni\u0119cie, utrzymanie i doskonalenie wysokiego poziomu przeprowadzanych bada\u0144 dla zdobycia zaufania klient\u00f3w,\u00a0<\/em><em>a tym samym potwierdzenie kompetencji technicznych laboratorium<\/em><\/span><\/strong><\/h2>\n<p><span style=\"color: #ffffff;\">\u00a0\u00a0<\/span><\/p>\n<p><span style=\"color: #ffffff;\">Coroczne audyty zewn\u0119trzne przeprowadzane przez osob\u0119 z Polskiego Centrum Akredytacji, potwierdzaj\u0105 kompetencje Laboratorium i zgodno\u015b\u0107 z wymaganiami akredytacyjnymi.<\/span><\/p>\n<\/div>\n<\/div><\/div><\/div><\/div><\/div><\/div>","protected":false},"excerpt":{"rendered":"<p>Akredytowane Laboratorium Badania Odkszta\u0142ce\u0144 i Drga\u0144 Budowli dysponuje specjalistyczn\u0105 aparatura pomiarow\u0105 do rejestracji i analizy drga\u0144 mechanicznych oraz wysoko kwalifikowan\u0105 kadr\u0105 specjalist\u00f3w, w\u015br\u00f3d kt\u00f3rych s\u0105 autorzy polskich norm PN-B-02170:2016-12 zast\u0119puje PN-B-02170:1985 (PN-85\/B-02170) Ocena szkodliwo\u015bci drga\u0144 przekazywanych przez pod\u0142o\u017ce na budynki PN-B-02171:2017-06 zast\u0119puje PN-B-02171:1988 (PN-88\/B-02171) Ocena wp\u0142ywu drga\u0144 na ludzi w budynkach WERSJA CERTYFIKATU PDF<\/p>\n","protected":false},"author":1,"featured_media":0,"parent":0,"menu_order":0,"comment_status":"closed","ping_status":"closed","template":"","meta":{"footnotes":""},"class_list":["post-265","page","type-page","status-publish","hentry"],"yoast_head":"<!-- This site is optimized with the Yoast SEO plugin v25.9 - https:\/\/yoast.com\/wordpress\/plugins\/seo\/ -->\n<title>Akredytacja - Drgania budowli - Laboratorium Drga\u0144 Budowli<\/title>\n<meta name=\"robots\" content=\"index, follow, max-snippet:-1, max-image-preview:large, max-video-preview:-1\" \/>\n<link rel=\"canonical\" href=\"https:\/\/drganiabudowli.pk.edu.pl\/?page_id=265\" \/>\n<meta property=\"og:locale\" content=\"pl_PL\" \/>\n<meta property=\"og:type\" content=\"article\" \/>\n<meta property=\"og:title\" content=\"Akredytacja - Drgania budowli - Laboratorium Drga\u0144 Budowli\" \/>\n<meta property=\"og:description\" content=\"Akredytowane Laboratorium Badania Odkszta\u0142ce\u0144 i Drga\u0144 Budowli dysponuje specjalistyczn\u0105 aparatura pomiarow\u0105 do rejestracji i analizy drga\u0144 mechanicznych oraz wysoko kwalifikowan\u0105 kadr\u0105 specjalist\u00f3w, w\u015br\u00f3d kt\u00f3rych s\u0105 autorzy polskich norm PN-B-02170:2016-12 zast\u0119puje PN-B-02170:1985 (PN-85\/B-02170) Ocena szkodliwo\u015bci drga\u0144 przekazywanych przez pod\u0142o\u017ce na budynki PN-B-02171:2017-06 zast\u0119puje PN-B-02171:1988 (PN-88\/B-02171) Ocena wp\u0142ywu drga\u0144 na ludzi w budynkach WERSJA CERTYFIKATU PDF\" \/>\n<meta property=\"og:url\" content=\"https:\/\/drganiabudowli.pk.edu.pl\/?page_id=265\" \/>\n<meta property=\"og:site_name\" content=\"Drgania budowli - Laboratorium Drga\u0144 Budowli\" \/>\n<meta property=\"article:modified_time\" content=\"2024-12-11T11:01:59+00:00\" \/>\n<meta name=\"twitter:card\" content=\"summary_large_image\" \/>\n<meta name=\"twitter:label1\" content=\"Szacowany czas czytania\" \/>\n\t<meta name=\"twitter:data1\" content=\"2 minuty\" \/>\n<script type=\"application\/ld+json\" class=\"yoast-schema-graph\">{\"@context\":\"https:\/\/schema.org\",\"@graph\":[{\"@type\":\"WebPage\",\"@id\":\"https:\/\/drganiabudowli.pk.edu.pl\/?page_id=265\",\"url\":\"https:\/\/drganiabudowli.pk.edu.pl\/?page_id=265\",\"name\":\"Akredytacja - Drgania budowli - Laboratorium Drga\u0144 Budowli\",\"isPartOf\":{\"@id\":\"https:\/\/drganiabudowli.pk.edu.pl\/#website\"},\"datePublished\":\"2017-11-21T21:58:13+00:00\",\"dateModified\":\"2024-12-11T11:01:59+00:00\",\"breadcrumb\":{\"@id\":\"https:\/\/drganiabudowli.pk.edu.pl\/?page_id=265#breadcrumb\"},\"inLanguage\":\"pl-PL\",\"potentialAction\":[{\"@type\":\"ReadAction\",\"target\":[\"https:\/\/drganiabudowli.pk.edu.pl\/?page_id=265\"]}]},{\"@type\":\"BreadcrumbList\",\"@id\":\"https:\/\/drganiabudowli.pk.edu.pl\/?page_id=265#breadcrumb\",\"itemListElement\":[{\"@type\":\"ListItem\",\"position\":1,\"name\":\"Strona g\u0142\u00f3wna\",\"item\":\"https:\/\/drganiabudowli.pk.edu.pl\/\"},{\"@type\":\"ListItem\",\"position\":2,\"name\":\"Akredytacja\"}]},{\"@type\":\"WebSite\",\"@id\":\"https:\/\/drganiabudowli.pk.edu.pl\/#website\",\"url\":\"https:\/\/drganiabudowli.pk.edu.pl\/\",\"name\":\"Drgania budowli - Laboratorium Drga\u0144 Budowli\",\"description\":\"Drgania budowli - Laboratorium Drga\u0144 Budowli\",\"publisher\":{\"@id\":\"https:\/\/drganiabudowli.pk.edu.pl\/#organization\"},\"potentialAction\":[{\"@type\":\"SearchAction\",\"target\":{\"@type\":\"EntryPoint\",\"urlTemplate\":\"https:\/\/drganiabudowli.pk.edu.pl\/?s={search_term_string}\"},\"query-input\":{\"@type\":\"PropertyValueSpecification\",\"valueRequired\":true,\"valueName\":\"search_term_string\"}}],\"inLanguage\":\"pl-PL\"},{\"@type\":\"Organization\",\"@id\":\"https:\/\/drganiabudowli.pk.edu.pl\/#organization\",\"name\":\"Drgania budowli - Laboratorium Drga\u0144 Budowli\",\"url\":\"https:\/\/drganiabudowli.pk.edu.pl\/\",\"logo\":{\"@type\":\"ImageObject\",\"inLanguage\":\"pl-PL\",\"@id\":\"https:\/\/drganiabudowli.pk.edu.pl\/#\/schema\/logo\/image\/\",\"url\":\"https:\/\/drganiabudowli.pk.edu.pl\/wp-content\/uploads\/2025\/09\/Logo_lab_3.png\",\"contentUrl\":\"https:\/\/drganiabudowli.pk.edu.pl\/wp-content\/uploads\/2025\/09\/Logo_lab_3.png\",\"width\":220,\"height\":219,\"caption\":\"Drgania budowli - Laboratorium Drga\u0144 Budowli\"},\"image\":{\"@id\":\"https:\/\/drganiabudowli.pk.edu.pl\/#\/schema\/logo\/image\/\"}}]}<\/script>\n<!-- \/ Yoast SEO plugin. -->","yoast_head_json":{"title":"Akredytacja - Drgania budowli - Laboratorium Drga\u0144 Budowli","robots":{"index":"index","follow":"follow","max-snippet":"max-snippet:-1","max-image-preview":"max-image-preview:large","max-video-preview":"max-video-preview:-1"},"canonical":"https:\/\/drganiabudowli.pk.edu.pl\/?page_id=265","og_locale":"pl_PL","og_type":"article","og_title":"Akredytacja - Drgania budowli - Laboratorium Drga\u0144 Budowli","og_description":"Akredytowane Laboratorium Badania Odkszta\u0142ce\u0144 i Drga\u0144 Budowli dysponuje specjalistyczn\u0105 aparatura pomiarow\u0105 do rejestracji i analizy drga\u0144 mechanicznych oraz wysoko kwalifikowan\u0105 kadr\u0105 specjalist\u00f3w, w\u015br\u00f3d kt\u00f3rych s\u0105 autorzy polskich norm PN-B-02170:2016-12 zast\u0119puje PN-B-02170:1985 (PN-85\/B-02170) Ocena szkodliwo\u015bci drga\u0144 przekazywanych przez pod\u0142o\u017ce na budynki PN-B-02171:2017-06 zast\u0119puje PN-B-02171:1988 (PN-88\/B-02171) Ocena wp\u0142ywu drga\u0144 na ludzi w budynkach WERSJA CERTYFIKATU PDF","og_url":"https:\/\/drganiabudowli.pk.edu.pl\/?page_id=265","og_site_name":"Drgania budowli - Laboratorium Drga\u0144 Budowli","article_modified_time":"2024-12-11T11:01:59+00:00","twitter_card":"summary_large_image","twitter_misc":{"Szacowany czas czytania":"2 minuty"},"schema":{"@context":"https:\/\/schema.org","@graph":[{"@type":"WebPage","@id":"https:\/\/drganiabudowli.pk.edu.pl\/?page_id=265","url":"https:\/\/drganiabudowli.pk.edu.pl\/?page_id=265","name":"Akredytacja - Drgania budowli - Laboratorium Drga\u0144 Budowli","isPartOf":{"@id":"https:\/\/drganiabudowli.pk.edu.pl\/#website"},"datePublished":"2017-11-21T21:58:13+00:00","dateModified":"2024-12-11T11:01:59+00:00","breadcrumb":{"@id":"https:\/\/drganiabudowli.pk.edu.pl\/?page_id=265#breadcrumb"},"inLanguage":"pl-PL","potentialAction":[{"@type":"ReadAction","target":["https:\/\/drganiabudowli.pk.edu.pl\/?page_id=265"]}]},{"@type":"BreadcrumbList","@id":"https:\/\/drganiabudowli.pk.edu.pl\/?page_id=265#breadcrumb","itemListElement":[{"@type":"ListItem","position":1,"name":"Strona g\u0142\u00f3wna","item":"https:\/\/drganiabudowli.pk.edu.pl\/"},{"@type":"ListItem","position":2,"name":"Akredytacja"}]},{"@type":"WebSite","@id":"https:\/\/drganiabudowli.pk.edu.pl\/#website","url":"https:\/\/drganiabudowli.pk.edu.pl\/","name":"Drgania budowli - Laboratorium Drga\u0144 Budowli","description":"Drgania budowli - Laboratorium Drga\u0144 Budowli","publisher":{"@id":"https:\/\/drganiabudowli.pk.edu.pl\/#organization"},"potentialAction":[{"@type":"SearchAction","target":{"@type":"EntryPoint","urlTemplate":"https:\/\/drganiabudowli.pk.edu.pl\/?s={search_term_string}"},"query-input":{"@type":"PropertyValueSpecification","valueRequired":true,"valueName":"search_term_string"}}],"inLanguage":"pl-PL"},{"@type":"Organization","@id":"https:\/\/drganiabudowli.pk.edu.pl\/#organization","name":"Drgania budowli - Laboratorium Drga\u0144 Budowli","url":"https:\/\/drganiabudowli.pk.edu.pl\/","logo":{"@type":"ImageObject","inLanguage":"pl-PL","@id":"https:\/\/drganiabudowli.pk.edu.pl\/#\/schema\/logo\/image\/","url":"https:\/\/drganiabudowli.pk.edu.pl\/wp-content\/uploads\/2025\/09\/Logo_lab_3.png","contentUrl":"https:\/\/drganiabudowli.pk.edu.pl\/wp-content\/uploads\/2025\/09\/Logo_lab_3.png","width":220,"height":219,"caption":"Drgania budowli - Laboratorium Drga\u0144 Budowli"},"image":{"@id":"https:\/\/drganiabudowli.pk.edu.pl\/#\/schema\/logo\/image\/"}}]}},"jetpack_shortlink":"https:\/\/wp.me\/P9oL58-4h","jetpack_sharing_enabled":true,"_links":{"self":[{"href":"https:\/\/drganiabudowli.pk.edu.pl\/index.php?rest_route=\/wp\/v2\/pages\/265","targetHints":{"allow":["GET"]}}],"collection":[{"href":"https:\/\/drganiabudowli.pk.edu.pl\/index.php?rest_route=\/wp\/v2\/pages"}],"about":[{"href":"https:\/\/drganiabudowli.pk.edu.pl\/index.php?rest_route=\/wp\/v2\/types\/page"}],"author":[{"embeddable":true,"href":"https:\/\/drganiabudowli.pk.edu.pl\/index.php?rest_route=\/wp\/v2\/users\/1"}],"replies":[{"embeddable":true,"href":"https:\/\/drganiabudowli.pk.edu.pl\/index.php?rest_route=%2Fwp%2Fv2%2Fcomments&post=265"}],"version-history":[{"count":75,"href":"https:\/\/drganiabudowli.pk.edu.pl\/index.php?rest_route=\/wp\/v2\/pages\/265\/revisions"}],"predecessor-version":[{"id":1526,"href":"https:\/\/drganiabudowli.pk.edu.pl\/index.php?rest_route=\/wp\/v2\/pages\/265\/revisions\/1526"}],"wp:attachment":[{"href":"https:\/\/drganiabudowli.pk.edu.pl\/index.php?rest_route=%2Fwp%2Fv2%2Fmedia&parent=265"}],"curies":[{"name":"wp","href":"https:\/\/api.w.org\/{rel}","templated":true}]}}