{"id":46,"date":"2017-11-20T18:31:12","date_gmt":"2017-11-20T17:31:12","guid":{"rendered":"http:\/\/www.drganiabudowli.pk.edu.pl\/?page_id=46"},"modified":"2020-11-23T22:28:40","modified_gmt":"2020-11-23T21:28:40","slug":"zakres-uslug","status":"publish","type":"page","link":"https:\/\/drganiabudowli.pk.edu.pl\/?page_id=46","title":{"rendered":"Zakres us\u0142ug"},"content":{"rendered":"<div id=\"pl-46\"  class=\"panel-layout\" ><div id=\"pg-46-0\"  class=\"panel-grid panel-has-style\" ><div class=\"siteorigin-panels-stretch panel-row-style panel-row-style-for-46-0\" data-stretch-type=\"full\" ><div id=\"pgc-46-0-0\"  class=\"panel-grid-cell\" ><div id=\"panel-46-0-0-0\" class=\"so-panel widget_sow-headline panel-first-child panel-last-child\" data-index=\"0\" ><div class=\"panel-widget-style panel-widget-style-for-46-0-0-0\" ><div\n\t\t\t\n\t\t\tclass=\"so-widget-sow-headline so-widget-sow-headline-default-ea0af4cf39ae-46\"\n\t\t\t\n\t\t><div class=\"sow-headline-container \">\n\t\t\t\t\t\t\t<h1 class=\"sow-headline\">\n\t\t\t\t\t\tZakres prac\t\t\t\t\t\t<\/h1>\n\t\t\t\t\t\t\t\t\t\t\t<div class=\"decoration\">\n\t\t\t\t\t\t<div class=\"decoration-inside\"><\/div>\n\t\t\t\t\t<\/div>\n\t\t\t\t\t<\/div>\n<\/div><\/div><\/div><\/div><\/div><\/div><div id=\"pg-46-1\"  class=\"panel-grid panel-has-style\" ><div class=\"siteorigin-panels-stretch panel-row-style panel-row-style-for-46-1\" data-stretch-type=\"full\" ><div id=\"pgc-46-1-0\"  class=\"panel-grid-cell\" ><div id=\"panel-46-1-0-0\" class=\"so-panel widget_text panel-first-child\" data-index=\"1\" >\t\t\t<div class=\"textwidget\"><h2>Najcz\u0119\u015bciej realizowane badania:<\/h2>\n<ul>\n<li>do\u015bwiadczalne wyznaczanie charakterystyk dynamicznych obiekt\u00f3w budowlanych,<\/li>\n<li>wyznaczanie parametr\u00f3w drga\u0144 obiekt\u00f3w budowlanych podczas dzia\u0142ania na te obiekty r\u00f3\u017cnych obci\u0105\u017ce\u0144,<\/li>\n<li>badania propagacji drga\u0144 w gruncie,<\/li>\n<li>pomiary zwi\u0105zane z ocen\u0105 wp\u0142ywu drga\u0144 na obiekty budowlane (w tym r\u00f3wnie\u017c zabytkowe),<\/li>\n<li>pomiary zwi\u0105zane z ocen\u0105 wp\u0142ywu drga\u0144 na ludzi przebywaj\u0105cych w budynkach.<\/li>\n<\/ul>\n<\/div>\n\t\t<\/div><div id=\"panel-46-1-0-1\" class=\"so-panel widget_sow-image panel-last-child\" data-index=\"2\" ><div\n\t\t\t\n\t\t\tclass=\"so-widget-sow-image so-widget-sow-image-default-c67d20f9f743-46\"\n\t\t\t\n\t\t>\n<div class=\"sow-image-container\">\n\t\t<img \n\tsrc=\"https:\/\/drganiabudowli.pk.edu.pl\/wp-content\/uploads\/2017\/12\/badanie-drgan-233x300.jpg\" width=\"233\" height=\"300\" srcset=\"https:\/\/drganiabudowli.pk.edu.pl\/wp-content\/uploads\/2017\/12\/badanie-drgan-233x300.jpg 233w, https:\/\/drganiabudowli.pk.edu.pl\/wp-content\/uploads\/2017\/12\/badanie-drgan.jpg 350w\" sizes=\"(max-width: 233px) 85vw, 233px\" alt=\"\" \t\tclass=\"so-widget-image\"\/>\n\t<\/div>\n\n<\/div><\/div><\/div><div id=\"pgc-46-1-1\"  class=\"panel-grid-cell\" ><div id=\"panel-46-1-1-0\" class=\"so-panel widget_text panel-first-child panel-last-child\" data-index=\"3\" >\t\t\t<div class=\"textwidget\"><h2>Najcz\u0119\u015bciej wyst\u0119puj\u0105ce obiekty bada\u0144:<\/h2>\n<ul>\n<li>budynki i ich elementy (stropy, \u015bciany) w tym budynki zabytkowe,<\/li>\n<li>budowle in\u017cynierskie takie jak: maszty z odci\u0105gami, kominy, wie\u017ce, mosty, ruroci\u0105gi, budowle hydrotechniczne, fundamenty pod maszyny.<\/li>\n<\/ul>\n<h3 style=\"color: #1e73be;\">Wykonano wiele pomiar\u00f3w, kt\u00f3re stanowi\u0142y podstaw\u0119 do\u015bwiadczaln\u0105 opracowanych w Instytucie norm PN-B-02170 i PN-B-02171.<\/h3>\n<h3 style=\"color: #1e73be;\">Normy te dotycz\u0105 oceny wp\u0142yw\u00f3w dynamicznych na budynki i ludzi w budynkach<\/h3>\n<\/div>\n\t\t<\/div><\/div><\/div><\/div><div id=\"pg-46-2\"  class=\"panel-grid panel-has-style\" ><div class=\"siteorigin-panels-stretch panel-row-style panel-row-style-for-46-2\" data-stretch-type=\"full\" ><div id=\"pgc-46-2-0\"  class=\"panel-grid-cell\" ><div id=\"panel-46-2-0-0\" class=\"so-panel widget_text panel-first-child panel-last-child\" data-index=\"4\" >\t\t\t<div class=\"textwidget\"><h2>Laboratorium specjalizuje si\u0119 w badaniach obiekt\u00f3w budowlanych, kt\u00f3rych cech\u0105 charakterystyczn\u0105 s\u0105 niskie podstawowe cz\u0119stotliwo\u015bci drga\u0144 w\u0142asnych.<\/h2>\n<\/div>\n\t\t<\/div><\/div><\/div><\/div><div id=\"pg-46-3\"  class=\"panel-grid panel-has-style\" ><div class=\"siteorigin-panels-stretch panel-row-style panel-row-style-for-46-3\" data-stretch-type=\"full\" ><div id=\"pgc-46-3-0\"  class=\"panel-grid-cell\" ><div id=\"panel-46-3-0-0\" class=\"so-panel widget_text panel-first-child panel-last-child\" data-index=\"5\" >\t\t\t<div class=\"textwidget\"><ul>\n<li>Pomiary drga\u0144 budynk\u00f3w i konstrukcji in\u017cynierskich,<\/li>\n<li>Prognozowanie wp\u0142yw\u00f3w dynamicznych na obiekty budowlane istniej\u0105ce i projektowane w pobli\u017cu arterii komunikacyjnych,<\/li>\n<li>Ocena oddzia\u0142ywa\u0144 drga\u0144 na budynki i ludzi (ewentualnie na urz\u0105dzenia) w budynkach,<\/li>\n<li>Ochrona przed drganiami obiekt\u00f3w budowlanych oraz ludzi w budynkach,<\/li>\n<li>Projektowanie wibroizolacji w nawierzchniach szynowych i w budynkach, przegrody wibroizolacyjne w gruncie,<\/li>\n<li>Nadz\u00f3r nad robotami budowlanymi w zakresie ochrony istniej\u0105cych budynk\u00f3w przed drganiami wywo\u0142anymi tymi robotami,<\/li>\n<li>Projektowanie i wykonawstwo system\u00f3w monitorowania drga\u0144,<\/li>\n<li>Opinie techniczne w procesie odszkodowawczym,<\/li>\n<li>Badania wp\u0142ywu wstrz\u0105s\u00f3w g\u00f3rniczych na budynki,<\/li>\n<li>Badania statyczne i dynamiczne most\u00f3w i wiadukt\u00f3w,<\/li>\n<li>Obliczenia i badania dynamiczne fundament\u00f3w pod maszyny.<\/li>\n<\/ul>\n<\/div>\n\t\t<\/div><\/div><div id=\"pgc-46-3-1\"  class=\"panel-grid-cell\" ><div id=\"panel-46-3-1-0\" class=\"so-panel widget_sow-image panel-first-child panel-last-child\" data-index=\"6\" ><div\n\t\t\t\n\t\t\tclass=\"so-widget-sow-image so-widget-sow-image-default-8b5b6f678277-46\"\n\t\t\t\n\t\t>\n<div class=\"sow-image-container\">\n\t\t<img \n\tsrc=\"https:\/\/drganiabudowli.pk.edu.pl\/wp-content\/uploads\/2017\/11\/drgania-budowli-3.jpg\" width=\"500\" height=\"400\" srcset=\"https:\/\/drganiabudowli.pk.edu.pl\/wp-content\/uploads\/2017\/11\/drgania-budowli-3.jpg 500w, https:\/\/drganiabudowli.pk.edu.pl\/wp-content\/uploads\/2017\/11\/drgania-budowli-3-300x240.jpg 300w\" sizes=\"(max-width: 500px) 85vw, 500px\" title=\"drgania-budowli (3)\" alt=\"\" \t\tclass=\"so-widget-image\"\/>\n\t<\/div>\n\n<\/div><\/div><\/div><\/div><\/div><\/div>","protected":false},"excerpt":{"rendered":"<p>Najcz\u0119\u015bciej realizowane badania: do\u015bwiadczalne wyznaczanie charakterystyk dynamicznych obiekt\u00f3w budowlanych, wyznaczanie parametr\u00f3w drga\u0144 obiekt\u00f3w budowlanych podczas dzia\u0142ania na te obiekty r\u00f3\u017cnych obci\u0105\u017ce\u0144, badania propagacji drga\u0144 w gruncie, pomiary zwi\u0105zane z ocen\u0105 wp\u0142ywu drga\u0144 na obiekty budowlane (w tym r\u00f3wnie\u017c zabytkowe), pomiary zwi\u0105zane z ocen\u0105 wp\u0142ywu drga\u0144 na ludzi przebywaj\u0105cych w budynkach. Najcz\u0119\u015bciej wyst\u0119puj\u0105ce obiekty bada\u0144: budynki &hellip; <a href=\"https:\/\/drganiabudowli.pk.edu.pl\/?page_id=46\" class=\"more-link\">Czytaj dalej<span class=\"screen-reader-text\"> \u201eZakres us\u0142ug\u201d<\/span><\/a><\/p>\n","protected":false},"author":1,"featured_media":0,"parent":0,"menu_order":0,"comment_status":"closed","ping_status":"closed","template":"","meta":{"footnotes":""},"class_list":["post-46","page","type-page","status-publish","hentry"],"yoast_head":"<!-- This site is optimized with the Yoast SEO plugin v25.9 - https:\/\/yoast.com\/wordpress\/plugins\/seo\/ -->\n<title>Zakres us\u0142ug - Drgania budowli - Laboratorium Drga\u0144 Budowli<\/title>\n<meta name=\"robots\" content=\"index, follow, max-snippet:-1, max-image-preview:large, max-video-preview:-1\" \/>\n<link rel=\"canonical\" href=\"https:\/\/drganiabudowli.pk.edu.pl\/?page_id=46\" \/>\n<meta property=\"og:locale\" content=\"pl_PL\" \/>\n<meta property=\"og:type\" content=\"article\" \/>\n<meta property=\"og:title\" content=\"Zakres us\u0142ug - Drgania budowli - Laboratorium Drga\u0144 Budowli\" \/>\n<meta property=\"og:description\" content=\"Najcz\u0119\u015bciej realizowane badania: do\u015bwiadczalne wyznaczanie charakterystyk dynamicznych obiekt\u00f3w budowlanych, wyznaczanie parametr\u00f3w drga\u0144 obiekt\u00f3w budowlanych podczas dzia\u0142ania na te obiekty r\u00f3\u017cnych obci\u0105\u017ce\u0144, badania propagacji drga\u0144 w gruncie, pomiary zwi\u0105zane z ocen\u0105 wp\u0142ywu drga\u0144 na obiekty budowlane (w tym r\u00f3wnie\u017c zabytkowe), pomiary zwi\u0105zane z ocen\u0105 wp\u0142ywu drga\u0144 na ludzi przebywaj\u0105cych w budynkach. Najcz\u0119\u015bciej wyst\u0119puj\u0105ce obiekty bada\u0144: budynki &hellip; Czytaj dalej \u201eZakres us\u0142ug\u201d\" \/>\n<meta property=\"og:url\" content=\"https:\/\/drganiabudowli.pk.edu.pl\/?page_id=46\" \/>\n<meta property=\"og:site_name\" content=\"Drgania budowli - Laboratorium Drga\u0144 Budowli\" \/>\n<meta property=\"article:modified_time\" content=\"2020-11-23T21:28:40+00:00\" \/>\n<meta name=\"twitter:card\" content=\"summary_large_image\" \/>\n<meta name=\"twitter:label1\" content=\"Szacowany czas czytania\" \/>\n\t<meta name=\"twitter:data1\" content=\"1 minuta\" \/>\n<script type=\"application\/ld+json\" class=\"yoast-schema-graph\">{\"@context\":\"https:\/\/schema.org\",\"@graph\":[{\"@type\":\"WebPage\",\"@id\":\"https:\/\/drganiabudowli.pk.edu.pl\/?page_id=46\",\"url\":\"https:\/\/drganiabudowli.pk.edu.pl\/?page_id=46\",\"name\":\"Zakres us\u0142ug - Drgania budowli - Laboratorium Drga\u0144 Budowli\",\"isPartOf\":{\"@id\":\"https:\/\/drganiabudowli.pk.edu.pl\/#website\"},\"datePublished\":\"2017-11-20T17:31:12+00:00\",\"dateModified\":\"2020-11-23T21:28:40+00:00\",\"breadcrumb\":{\"@id\":\"https:\/\/drganiabudowli.pk.edu.pl\/?page_id=46#breadcrumb\"},\"inLanguage\":\"pl-PL\",\"potentialAction\":[{\"@type\":\"ReadAction\",\"target\":[\"https:\/\/drganiabudowli.pk.edu.pl\/?page_id=46\"]}]},{\"@type\":\"BreadcrumbList\",\"@id\":\"https:\/\/drganiabudowli.pk.edu.pl\/?page_id=46#breadcrumb\",\"itemListElement\":[{\"@type\":\"ListItem\",\"position\":1,\"name\":\"Strona g\u0142\u00f3wna\",\"item\":\"https:\/\/drganiabudowli.pk.edu.pl\/\"},{\"@type\":\"ListItem\",\"position\":2,\"name\":\"Zakres us\u0142ug\"}]},{\"@type\":\"WebSite\",\"@id\":\"https:\/\/drganiabudowli.pk.edu.pl\/#website\",\"url\":\"https:\/\/drganiabudowli.pk.edu.pl\/\",\"name\":\"Drgania budowli - Laboratorium Drga\u0144 Budowli\",\"description\":\"Drgania budowli - Laboratorium Drga\u0144 Budowli\",\"publisher\":{\"@id\":\"https:\/\/drganiabudowli.pk.edu.pl\/#organization\"},\"potentialAction\":[{\"@type\":\"SearchAction\",\"target\":{\"@type\":\"EntryPoint\",\"urlTemplate\":\"https:\/\/drganiabudowli.pk.edu.pl\/?s={search_term_string}\"},\"query-input\":{\"@type\":\"PropertyValueSpecification\",\"valueRequired\":true,\"valueName\":\"search_term_string\"}}],\"inLanguage\":\"pl-PL\"},{\"@type\":\"Organization\",\"@id\":\"https:\/\/drganiabudowli.pk.edu.pl\/#organization\",\"name\":\"Drgania budowli - Laboratorium Drga\u0144 Budowli\",\"url\":\"https:\/\/drganiabudowli.pk.edu.pl\/\",\"logo\":{\"@type\":\"ImageObject\",\"inLanguage\":\"pl-PL\",\"@id\":\"https:\/\/drganiabudowli.pk.edu.pl\/#\/schema\/logo\/image\/\",\"url\":\"https:\/\/drganiabudowli.pk.edu.pl\/wp-content\/uploads\/2025\/09\/Logo_lab_3.png\",\"contentUrl\":\"https:\/\/drganiabudowli.pk.edu.pl\/wp-content\/uploads\/2025\/09\/Logo_lab_3.png\",\"width\":220,\"height\":219,\"caption\":\"Drgania budowli - Laboratorium Drga\u0144 Budowli\"},\"image\":{\"@id\":\"https:\/\/drganiabudowli.pk.edu.pl\/#\/schema\/logo\/image\/\"}}]}<\/script>\n<!-- \/ Yoast SEO plugin. -->","yoast_head_json":{"title":"Zakres us\u0142ug - Drgania budowli - Laboratorium Drga\u0144 Budowli","robots":{"index":"index","follow":"follow","max-snippet":"max-snippet:-1","max-image-preview":"max-image-preview:large","max-video-preview":"max-video-preview:-1"},"canonical":"https:\/\/drganiabudowli.pk.edu.pl\/?page_id=46","og_locale":"pl_PL","og_type":"article","og_title":"Zakres us\u0142ug - Drgania budowli - Laboratorium Drga\u0144 Budowli","og_description":"Najcz\u0119\u015bciej realizowane badania: do\u015bwiadczalne wyznaczanie charakterystyk dynamicznych obiekt\u00f3w budowlanych, wyznaczanie parametr\u00f3w drga\u0144 obiekt\u00f3w budowlanych podczas dzia\u0142ania na te obiekty r\u00f3\u017cnych obci\u0105\u017ce\u0144, badania propagacji drga\u0144 w gruncie, pomiary zwi\u0105zane z ocen\u0105 wp\u0142ywu drga\u0144 na obiekty budowlane (w tym r\u00f3wnie\u017c zabytkowe), pomiary zwi\u0105zane z ocen\u0105 wp\u0142ywu drga\u0144 na ludzi przebywaj\u0105cych w budynkach. Najcz\u0119\u015bciej wyst\u0119puj\u0105ce obiekty bada\u0144: budynki &hellip; Czytaj dalej \u201eZakres us\u0142ug\u201d","og_url":"https:\/\/drganiabudowli.pk.edu.pl\/?page_id=46","og_site_name":"Drgania budowli - Laboratorium Drga\u0144 Budowli","article_modified_time":"2020-11-23T21:28:40+00:00","twitter_card":"summary_large_image","twitter_misc":{"Szacowany czas czytania":"1 minuta"},"schema":{"@context":"https:\/\/schema.org","@graph":[{"@type":"WebPage","@id":"https:\/\/drganiabudowli.pk.edu.pl\/?page_id=46","url":"https:\/\/drganiabudowli.pk.edu.pl\/?page_id=46","name":"Zakres us\u0142ug - Drgania budowli - Laboratorium Drga\u0144 Budowli","isPartOf":{"@id":"https:\/\/drganiabudowli.pk.edu.pl\/#website"},"datePublished":"2017-11-20T17:31:12+00:00","dateModified":"2020-11-23T21:28:40+00:00","breadcrumb":{"@id":"https:\/\/drganiabudowli.pk.edu.pl\/?page_id=46#breadcrumb"},"inLanguage":"pl-PL","potentialAction":[{"@type":"ReadAction","target":["https:\/\/drganiabudowli.pk.edu.pl\/?page_id=46"]}]},{"@type":"BreadcrumbList","@id":"https:\/\/drganiabudowli.pk.edu.pl\/?page_id=46#breadcrumb","itemListElement":[{"@type":"ListItem","position":1,"name":"Strona g\u0142\u00f3wna","item":"https:\/\/drganiabudowli.pk.edu.pl\/"},{"@type":"ListItem","position":2,"name":"Zakres us\u0142ug"}]},{"@type":"WebSite","@id":"https:\/\/drganiabudowli.pk.edu.pl\/#website","url":"https:\/\/drganiabudowli.pk.edu.pl\/","name":"Drgania budowli - Laboratorium Drga\u0144 Budowli","description":"Drgania budowli - Laboratorium Drga\u0144 Budowli","publisher":{"@id":"https:\/\/drganiabudowli.pk.edu.pl\/#organization"},"potentialAction":[{"@type":"SearchAction","target":{"@type":"EntryPoint","urlTemplate":"https:\/\/drganiabudowli.pk.edu.pl\/?s={search_term_string}"},"query-input":{"@type":"PropertyValueSpecification","valueRequired":true,"valueName":"search_term_string"}}],"inLanguage":"pl-PL"},{"@type":"Organization","@id":"https:\/\/drganiabudowli.pk.edu.pl\/#organization","name":"Drgania budowli - Laboratorium Drga\u0144 Budowli","url":"https:\/\/drganiabudowli.pk.edu.pl\/","logo":{"@type":"ImageObject","inLanguage":"pl-PL","@id":"https:\/\/drganiabudowli.pk.edu.pl\/#\/schema\/logo\/image\/","url":"https:\/\/drganiabudowli.pk.edu.pl\/wp-content\/uploads\/2025\/09\/Logo_lab_3.png","contentUrl":"https:\/\/drganiabudowli.pk.edu.pl\/wp-content\/uploads\/2025\/09\/Logo_lab_3.png","width":220,"height":219,"caption":"Drgania budowli - Laboratorium Drga\u0144 Budowli"},"image":{"@id":"https:\/\/drganiabudowli.pk.edu.pl\/#\/schema\/logo\/image\/"}}]}},"jetpack_shortlink":"https:\/\/wp.me\/P9oL58-K","jetpack_sharing_enabled":true,"_links":{"self":[{"href":"https:\/\/drganiabudowli.pk.edu.pl\/index.php?rest_route=\/wp\/v2\/pages\/46","targetHints":{"allow":["GET"]}}],"collection":[{"href":"https:\/\/drganiabudowli.pk.edu.pl\/index.php?rest_route=\/wp\/v2\/pages"}],"about":[{"href":"https:\/\/drganiabudowli.pk.edu.pl\/index.php?rest_route=\/wp\/v2\/types\/page"}],"author":[{"embeddable":true,"href":"https:\/\/drganiabudowli.pk.edu.pl\/index.php?rest_route=\/wp\/v2\/users\/1"}],"replies":[{"embeddable":true,"href":"https:\/\/drganiabudowli.pk.edu.pl\/index.php?rest_route=%2Fwp%2Fv2%2Fcomments&post=46"}],"version-history":[{"count":42,"href":"https:\/\/drganiabudowli.pk.edu.pl\/index.php?rest_route=\/wp\/v2\/pages\/46\/revisions"}],"predecessor-version":[{"id":1456,"href":"https:\/\/drganiabudowli.pk.edu.pl\/index.php?rest_route=\/wp\/v2\/pages\/46\/revisions\/1456"}],"wp:attachment":[{"href":"https:\/\/drganiabudowli.pk.edu.pl\/index.php?rest_route=%2Fwp%2Fv2%2Fmedia&parent=46"}],"curies":[{"name":"wp","href":"https:\/\/api.w.org\/{rel}","templated":true}]}}